he prime factors of v(a).
2, 53
Let c = 12 + -12. Suppose -7*q + c*q = -1078. Let r = q + 19. List the prime factors of r.
173
Suppose 15*m - 19*m + 5*m = 3722. List the prime factors of m.
2, 1861
Suppose 5*s + 280 = 740. List the prime factors of 265 + (-207)/s + 2/8.
263
Let s(h) = 562*h**2 - 294*h + 1424. List the prime factors of s(5).
2, 3, 389
Let b = 9072 + 19614. List the prime factors of b.
2, 3, 7, 683
Let x be (24/(-42))/(6/21). Let g be (((-170)/x)/1)/(15/30). Let b = 1 + g. List the prime factors of b.
3, 19
Let r(v) = -v + 10. Let i(j) = -j + 13. Let c be i(5). Let d be r(c). Suppose -2*t + 0*t + 3*n = -179, d*n + 354 = 4*t. What are the prime factors of t?
2, 11
Let f = 281 - -739. Suppose -y + 1314 - 274 = 5*v, 0 = -5*v - 5*y + f. List the prime factors of v.
11, 19
Let z = 1213 - 427. Suppose -94 = -5*p + z. Suppose -60 = -0*d - d + 2*l, -p = -3*d + 4*l. What are the prime factors of d?
2, 7
Let i = 2484 + 8475. What are the prime factors of i?
3, 13, 281
Let u = 9 - 4. Suppose 4*v + 554 = 5*d, 0*v = -u*d - 2*v + 578. What are the prime factors of d?
2, 3, 19
Suppose 33*j - 384 = 29*j. Suppose 3 = -5*q - 7. What are the prime factors of (-10 + 9)/(q/j)?
2, 3
Suppose b + 11*n - 36 = 13*n, -3*b + 106 = -5*n. Suppose -24*u + b*u - 3096 = 0. List the prime factors of u.
3, 43
Suppose 44572 = 5*z - u, -2*u = 3*z - 28960 + 2209. What are the prime factors of z?
5, 1783
Suppose -125*o - 2*l = -127*o + 89538, 4*l = o - 44748. What are the prime factors of o?
2, 29, 193
Let d(u) = u**2 - 15*u - 48. What are the prime factors of d(58)?
2, 1223
Suppose 24*o - 228 = 20*o. Let m = 60 - o. What are the prime factors of (-7 + 4 - m)*8/(-6)?
2
Let h = 4257 + -3843. List the prime factors of h.
2, 3, 23
Suppose -w - 3 = -4*m + 10, 5*m + 4*w = 11. Suppose 0 = 4*u - 4, -m*p - u - 2*u + 1275 = 0. What are the prime factors of p?
2, 53
Suppose 5*d + 130 - 5 = 0. Let l(o) be the second derivative of o**4/12 + 4*o**3 + 9*o**2 + 3912*o. List the prime factors of l(d).
43
Let w be 35 + 18/(0 + -6). Suppose -24*u - 1104 = -w*u. List the prime factors of u.
2, 3, 23
Let f(k) = -k**2 - 12*k - 11. Let z be f(-6). Let v(t) = z*t + 10 - 14 - 5 + 14*t. List the prime factors of v(5).
2, 3, 31
Suppose 5*c = -4*o + 12, 15 = 5*o - 9*c + 7*c. Suppose 4*d + 1355 = 3*w, -o*w = 12*d - 11*d - 1330. List the prime factors of w.
5, 89
Let c(r) = -2*r**3 + 3*r**2 + 6*r + 6. Let b be c(-4). Let k = -395 + b. Let j = 421 + k. List the prime factors of j.
2, 23
What are the prime factors of (7/(-2))/(24/(-52592)*6/18)?
7, 19, 173
Let v be (0 + -4)*2/(-1). Let c(u) = 42*u + 27 + 9*u**2 + u**2 + 61*u - u**3 - 105*u. List the prime factors of c(v).
139
Suppose -15*a = -18*a + 177. Let q = -57 + a. Suppose -q*m - 69 = -3*w, 3*w - m - 33 = 33. What are the prime factors of w?
3, 7
Suppose 2*q - 8 = 4*q, -2*h - 2*q = -86. List the prime factors of (16/(-10))/(h/(-20915)).
2, 89
Suppose 458254 = 101*t - 32808. List the prime factors of t.
2, 11, 13, 17
Let y = -9468 - -13958. What are the prime factors of y?
2, 5, 449
Let q(s) = 119*s**2 - 13*s - 11. Let u(n) = -59*n**2 + 6*n + 5. Let z(m) = -6*q(m) - 13*u(m). Let l(k) = k - 1. Let w be l(0). List the prime factors of z(w).
2, 3
Let p be 0*3*(-3)/9. Let u(g) = -g**2 - 9*g + 262. What are the prime factors of u(p)?
2, 131
What are the prime factors of (2 - (-16296)/(-9))/((-9)/243*6)?
3, 2713
What are the prime factors of 36/198 + (-124028)/(-44)?
2819
Suppose -168*c - 349409 + 1362833 + 926640 = 0. List the prime factors of c.
2, 2887
Let l(x) = x + 3. Let z be l(-7). Let b(t) = -t**2 - 7*t - 3. Let w be b(z). Let y(i) = i**3 - 9*i**2 + 15*i - 17. What are the prime factors of y(w)?
2, 59
Suppose -3*q - 2*q = -65. Let x(o) = 3*o**2 + 12*o - 55. Let m(t) = -2*t**2 - 5*t + 27. Let p(i) = -5*m(i) - 3*x(i). List the prime factors of p(q).
2, 7
Let p = 4766 - -2614. What are the prime factors of p?
2, 3, 5, 41
Let i(j) = -j**3 - 8*j**2 + 30*j + 7. Suppose -5*h + 60 = -5*c, 4*c + h = 4 - 52. List the prime factors of i(c).
223
List the prime factors of ((8/(-6))/4)/((-256)/6723072).
2, 3, 1459
Let d be 4/(-1) - (-10 + 8). Let z be (-3 - d)/(3/18). What are the prime factors of 4/z + (-370)/(-15)?
2, 3
Let x = -16295 - -29129. List the prime factors of (x/23)/(-1 - -2).
2, 3, 31
Let z = 548 - 554. List the prime factors of (-12304)/z*(-9 + 39/4).
2, 769
Let m = -155 + 157. Suppose 236 = 3*r - m*f, -2*r - 3*f = -3*r + 67. List the prime factors of r.
2, 41
Suppose 6*n = -56 + 98. Suppose n*u - 2*u - 5*t - 2765 = 0, -u - t = -555. What are the prime factors of u?
2, 277
Let r = -588 - -1516. Let x = r + -552. List the prime factors of x.
2, 47
Suppose 13*g = 9*g. Suppose -14*i + 13*i + 3 = 0. Suppose -i*l + 166 + 83 = g. List the prime factors of l.
83
Let y(t) = t**3 + 17*t**2 - 11*t + 32. Let c be y(7). Suppose 44*j + c = 57*j. What are the prime factors of j?
3, 29
Suppose 88 = 5*b + 43. Let o(i) = 87*i - 56. What are the prime factors of o(b)?
727
Suppose -7*w = -6*w - 2. Suppose -4*j + 71 = 2*b + j, -b = w*j - 36. Let p = b - 15. What are the prime factors of p?
23
Let p = 3558 - 355. List the prime factors of p.
3203
Let w(f) = f**3 + 4*f**2 - 16*f - 18. Let q be w(-6). List the prime factors of ((-42)/(-4))/(q/4).
7
Suppose 0 = 3*s + 2*i - 4, -5*s + 0*i + 8 = 3*i. Suppose -s*m - 25 = -9*m. Suppose -727 - 618 = -m*n. List the prime factors of n.
269
Let n = 164 + -471. Let i = n - -544. List the prime factors of i.
3, 79
Let w(i) = -i**2 - 12*i + 5. Let j be w(-12). Suppose 785 = d + 3*g - 679, 0 = -j*d - g + 7278. List the prime factors of d.
3, 5, 97
Let n(j) = -4*j**3 - 5*j**2 - 2*j + 3. Let a be n(-5). Let h = 673 - a. Suppose 7*s - 4*s - h = 0. List the prime factors of s.
5, 19
Suppose -4*r + 45 = 13. Suppose -p = -5*i + 335, 2*i = -r*p + 4*p + 112. List the prime factors of i.
2, 3, 11
Let c(g) = g**3 + 2*g**2 - 2*g - 2. Let w be c(-2). Let p be 0/w + 12/(-3) + 212. Suppose -5*o + 327 = -p. List the prime factors of o.
107
Let z = 309 + 11245. What are the prime factors of z?
2, 53, 109
Let z(c) = 20*c**2 - 35*c + 372. What are the prime factors of z(10)?
2, 3, 337
Let h(m) = -139*m - 1523. What are the prime factors of h(-60)?
17, 401
Let o be (1700/250)/((-4)/170). Let m = -102 - o. List the prime factors of m.
11, 17
Suppose -17*r = -16*r + 222. List the prime factors of (r/(-21))/(3/21).
2, 37
Suppose 5*m - 41616 = 4*m. Suppose -32*i - 4*i = -m. What are the prime factors of i?
2, 17
Let o be (-4)/(-38) + (2715/19 - 1). Let p = o + -84. What are the prime factors of p?
2, 29
Suppose 4*q + 1325 = 5*m + 53711, 0 = q + 5*m - 13084. List the prime factors of q.
2, 6547
Suppose -400*n - 12 = -406*n. Suppose 7435 = 5*o + 4*b, 9*o - 10*o + 1493 = n*b. What are the prime factors of o?
1483
Let y(m) = -2441*m**3 + 7*m**2 - 20*m - 35. What are the prime factors of y(-3)?
5, 67, 197
Let j(o) = 6*o - 3. Let p be j(1). Suppose -8585 = -p*t - 2*t. Suppose 10*g = 27*g - t. What are the prime factors of g?
101
Suppose 4*w = r + 5*w - 152, 0 = -5*w - 20. Let j = r - 80. Suppose 67*d - 69*d = -j. What are the prime factors of d?
2, 19
List the prime factors of (-49817)/(-2)*(-15 + 10 + 7).
31, 1607
Suppose 11*n - 2*n + 27 = 0. Let h be ((-6)/(-27))/(n/(-54)). Suppose -2*s + h*s - 152 = 0. What are the prime factors of s?
2, 19
Suppose -143611 = -65*c + 213331 + 66403. List the prime factors of c.
3, 13, 167
Suppose 0 = -4*c - 52 + 44. List the prime factors of (-216)/(-10)*30/(-12)*c.
2, 3
Let o be (-13 + 11)*(-6 - -3). Suppose 5*u - 20 = 0, 8*f - o*f - 1228 = -2*u. What are the prime factors of f?
2, 5, 61
Suppose 0 = 2*f + 4*y - 26, -4*f = -f + 2*y - 19. Suppose -2*v + 846 = 3*d, -f*d = 3*v + 2*d - 1271. List the prime factors of v.
3, 139
Suppose 4*f = 4*y - 33580, y + 8*f + 1196 = 9537. What are the prime factors of y?
8389
Suppose -33 = -4*d - 29, -1395 = -u - 3*d. Suppose -m - u = -4*q + 509, 4*m = 5*q - 2390. List the prime factors of q.
2, 3, 79
List the prime factors of (-11653 + (-1 - -3)/(-4))/(111/(-148)).
2, 17, 457
Suppose 4*g - 8 = -h, 2*h - 3*g = 2*g - 10. Suppose h = -15*z + z + 4242. What are the prime factors of z?
3, 101
Let c = 7504 + 5104. What are the prime factors of c?
2, 197
Suppose -7*r = 120*r - 693674. W